= -9*p**2 + p. Let m(g) = 6*b(g) - 5*c(g). Let t be (4/(-26) + 148/(-52))/(-3). Determine m(t).
-2
Let s = 1 + -5. Suppose x = 8*x - 14. Let g(a) = 34*a**x - 1 + 5*a - 68*a**2 + 35*a**2. What is g(s)?
-5
Let j(t) = -t**2 - t + 3. Let l = 0 - 8. Suppose -9*d - 77 = -5. Let r be (d - l)*1/2. Give j(r).
3
Let o(a) be the first derivative of a**2 - a - 6 + 4 + 3. Suppose 5*n + 8 = 8*n - f, 5*f = -3*n - 22. Determine o(n).
1
Let o(c) = -10*c - 22 - 20*c + 13*c - c**2. Calculate o(-16).
-6
Let x(l) = -l**3 + 7*l**2 - 2*l. Suppose 95 = 166*r - 147*r. Calculate x(r).
40
Let p(m) = -6*m**2 - 26*m + 10. Let s(l) = 2*l**2 - 5*l - 1. Let x(f) = f**2 - 5*f. Let i(k) = -2*s(k) + 3*x(k). Let b(u) = -11*i(u) + 2*p(u). Give b(2).
0
Let j(l) = 12*l**3 + 2*l**2 - l. Let x(k) = 25*k**3 + 5*k**2 - 3*k. Suppose 0*q - 5*q + 25 = 0. Let p(b) = q*j(b) - 2*x(b). Determine p(1).
11
Let d(k) = -k. Let r(p) = -5*p. Let m(a) = 6*d(a) - r(a). Let g(f) = f**3 - 16*f**2 - 18*f + 13. Let y be g(17). Calculate m(y).
4
Let f(v) be the third derivative of v**5/60 - v**4/24 - 7*v**3/6 + 16*v**2. Calculate f(6).
23
Let k(q) be the first derivative of -q**2/2 - 5*q + 12. Suppose 4*z - 3*p + 0 = 3, 3*z - 5*p = 5. Suppose -2*o - 2 - 6 = z. What is k(o)?
-1
Let c = -196 + 201. Let i(u) = -2*u**2 + 5*u + 1. Suppose 0 = 4*l + 2 - 14. Let o(q) = -q**2 + 2*q. Let t(a) = l*i(a) - 5*o(a). Give t(c).
3
Let u(p) = 6*p**2 - 5*p**2 + p**3 + 2*p**2 - p. Let w be u(-2). Let z(k) = -k**3 + 6*k**2 - 2*k + 3. Calculate z(w).
-9
Let h be (136/24 - 5)/(6/(-27)). Let w(l) = -1 + 3 - 5*l + 2*l. Give w(h).
11
Let p(k) = 6*k. Let x be 3/(-12) + 15/12. Suppose z - 6*z - 10 = 0, 2*f + 2*z = 0. Let w be x/f + 20/(-8). Determine p(w).
-12
Let f(x) = -6*x + 1 + 2 + 5*x + 2*x. Determine f(-7).
-4
Let p(f) = f**3 - 3*f**2 - f - 2. Suppose -4*j - 25 = -3*r, 0*r + 26 = 2*r - 5*j. Calculate p(r).
-5
Let a(z) = 4*z - 10 - 22 - 12 - 10*z + 6. Give a(-6).
-2
Let k(w) = -3*w. Let m(p) = 20*p. Let v = 8 + -13. Let a(b) = v*m(b) - 32*k(b). Let h = -128 - -124. Determine a(h).
16
Let s = -8 - -3. Let u(q) = -q**2 - 2*q - 5. Let i(v) be the first derivative of -v**2/2 - v - 65. Let x(a) = 2*i(a) + u(a). What is x(s)?
-12
Let u(g) = -g**2 + 11*g + 58. Let a be u(-4). Let c(v) = v**2 - 2*v - 4. Calculate c(a).
4
Let n(x) = -x**2 - 9*x - 6. Let j(l) = l**2 - 4*l - 39. Let t be j(8). Determine n(t).
8
Let g be 16*(-8)/(-32) + 1 + -3. Let m(l) be the first derivative of -l**4/2 - 2*l**3/3 + l**2 - 3*l - 2. Calculate m(g).
-23
Let o(g) = -g - 9. Let k(z) = z**2 + 12. Let s be k(6). Let a be 3 + (12/(-3) - s). Let j be 72/(-14) - 7/a. Determine o(j).
-4
Let t(k) = -4*k + 10. Let o(p) = p**3 + 11*p**2 - 11*p + 15. Let l be o(-12). What is t(l)?
-2
Let g(x) = -3*x - 3 - 2*x + 11*x - 4*x. Let d(o) = 3*o - 42. Let v be d(15). What is g(v)?
3
Let b(t) = 2*t**3 + 2*t**2 - t. Suppose 5*l = -54 + 59. Calculate b(l).
3
Let t(h) = -4*h - 4. Suppose -16 = 2*p - 10. Calculate t(p).
8
Let p(d) = d**3 + 7*d**2 + 6*d. Suppose -17*c - 96 = -c. What is p(c)?
0
Let o(x) = -2*x + 1191 + 4*x + x**2 + 4*x + 3*x - 1208. Determine o(2).
5
Let n(y) = y**3 + y**2 - 4*y - 3. Let c = -67 + 107. Let i be c/(-28) + 4/(-7). Give n(i).
1
Let t(m) = m**2 + 8*m + 9. Suppose -5*g + 7*u - 10*u = 28, 0 = 2*g + 5*u - 4. What is t(g)?
9
Let c(d) = -d**3 - 4*d**2 - 2*d + 1. Suppose -5*k = -11*k - 24. Give c(k).
9
Let q(n) = -n**2 - 2*n + 5. Let l(f) = f + 1. Let a(b) = l(b) - q(b). Suppose 16*p + 30 = 78. Give a(p).
14
Let o(c) be the second derivative of c**5/120 + 3*c**4/8 - 2*c**3/3 - 16*c. Let s(k) be the second derivative of o(k). What is s(-5)?
4
Let r = 26 + -23. Let n(j) = 2*j**2 - 2 - j**r - 7*j - 4 - 3*j**2 - 7*j**2. Calculate n(-7).
-6
Let k(t) = 2*t**3 + 8*t**2 + t - 4. Suppose 3*n - 6 + 18 = 0. Calculate k(n).
-8
Let c be (-10)/(-50)*-5 + -5. Let f(i) = -i**2 - i. Let p(z) = -3*z**2 + 3*z + 9. Let l(o) = -4*f(o) + p(o). Calculate l(c).
3
Suppose 4*p - 4*p = 3*p. Suppose -k = 5*l + 9, p*l + 4*k = l + 6. Let h(z) = -z**3 - z**2 - 2*z - 3. Calculate h(l).
5
Let l = 35 - 33. Let u be (3/l)/(3/8). Let q(w) = 2*w**2 + 3*w - 9*w**3 - u*w + 0*w**2. Calculate q(1).
-8
Suppose -16*o + 190 = -6*o. Let r(v) = -v - 46 + 23 + o. What is r(-5)?
1
Let y(f) = f**3 + 7*f**2 + 8*f. Let j(l) = -l**3 + 15*l**2 - 16*l + 20. Let o be j(14). Let v = o + 2. What is y(v)?
-12
Let u(o) = -o**3 + 5*o**2 + 7*o - 10. Let n be u(5). Suppose -n*y = -19*y + 6. Let m(j) be the second derivative of -7*j**3/6 - j**2/2 + 3*j. What is m(y)?
6
Let m(r) be the first derivative of 7*r**2/2 - r + 54. Give m(-2).
-15
Let a(h) = 2*h + 4. Suppose -6 - 8 = -2*d + 3*j, 2*d + 4*j = 0. What is a(d)?
12
Let f be (-1)/(70/18 + -4). Let b(j) = -11*j + 15. Let d(r) = -5*r + 7. Let q(n) = f*d(n) - 4*b(n). Let i(g) = -g - 2. Let a be i(-5). What is q(a)?
0
Let x(i) be the second derivative of i**5/20 - 5*i**4/12 - 2*i**3/3 - 5*i**2/2 + i - 17. Determine x(6).
7
Let n(l) = 83*l**2 + 1 - 3*l + 3*l - 84*l**2 + 7*l. What is n(7)?
1
Let s(u) = -6*u - 3. Let z = 206 - 208. What is s(z)?
9
Let v(i) = -21*i + 11. Let n(r) be the first derivative of -5*r**2 + 5*r + 43. Let f(l) = -13*n(l) + 6*v(l). What is f(2)?
9
Let j(o) be the first derivative of 1/3*o**3 + 19 + 2*o**2 + 4*o. Determine j(-3).
1
Let x be (1 - -6)*(21 - 3102/154). Let l(f) = -2*f + 8. Let t(o) = 2*o**2 - 5*o + 3. Let z be t(3). Let b(s) = -1. Let v(q) = z*b(q) + l(q). Calculate v(x).
-10
Let h = -5 - -16. Let c = h - 6. Let t(m) = c*m**2 - m**2 - 6*m - 3*m**2. Determine t(5).
-5
Let z(s) = -20 - 6*s**2 + 871*s**3 + 8 - 870*s**3. Determine z(6).
-12
Let p(k) = 2*k - 3. Suppose 0 = -4*q - 4*m - 32, 13*m + 4 = 4*q + 8*m. Give p(q).
-11
Let y(a) = a**3 + 5*a**2 + a - 7. Let p = -85 + 104. Suppose -5*q + 0*q - 3*x = p, 0 = -5*x + 10. Determine y(q).
-12
Let l(a) = a - 7. Let t be (-29 - (8 + -11))/(-2). Determine l(t).
6
Let h = -65 + 49. Let b(q) be the second derivative of -14*q**3/3 - 8*q**2 - q. Let n(y) = 9*y + 5. Let g(l) = h*n(l) - 5*b(l). Give g(1).
-4
Suppose 106 = -21*w + 1. Let p(m) be the third derivative of m**5/60 + 7*m**4/24 + 2*m**3/3 + 2*m**2. Calculate p(w).
-6
Let n(p) = 3*p**2 + 10*p + 11. Suppose 42*z + 6 = 41*z. Calculate n(z).
59
Let y = 2 + 0. Suppose 3*g = 3*r + y + 28, -2*g + r = -15. Let c(z) = z**3 - 5*z**2 + 2*z. Determine c(g).
10
Let c(n) = 3*n - 1. Let j(b) = -b - 8. Suppose -16*l - 50 = -11*l. Let i be j(l). Determine c(i).
5
Suppose -3*r - 3*f = -18, -7*r + f + 30 = -4*r. Suppose 0 = 3*u - u + 3*a - r, u = 3*a. Let m(z) = -z - 3. Calculate m(u).
-6
Let o(b) = -2*b - 1. Let d be 276/14 - (-2)/7. Let x be 3/2 + 130/d. Suppose -6*p - x = 10. Calculate o(p).
5
Let b(t) = -t**2 - 2*t + 4. Suppose -7*l + 156 = 191. Give b(l).
-11
Let c(i) = -5*i**2 - 4*i - 2. Let f be (20/10)/(1/2). Suppose 6*l = f*l - 4. What is c(l)?
-14
Let a(z) be the third derivative of z**4/12 - z**3/3 + 57*z**2. Determine a(3).
4
Let z(m) = 2*m**3 + 8*m**2 - 1. Let a be (-5 - (-1 + -6))*-2. Give z(a).
-1
Suppose -5*o - 31 = 4. Suppose 0 = -4*w + 12, -4*w = 3*v - 2*w + 30. Let p = v - o. Let x(z) = -z + 2. What is x(p)?
7
Let l(v) be the second derivative of -v**3/6 + v**2/2 - 20*v. What is l(3)?
-2
Let d(a) = a**2 + a + 1. Let b(g) = -g**2 - 6*g - 3. Let v be b(-4). Let r(p) = 5 - 1 + 8*p**2 - 9*p + 14*p. Let n(t) = v*d(t) - r(t). Calculate n(-1).
-2
Let f = -18 + 9. Let r be 2/f - 2/(-9). Suppose 4*y + 6 + 14 = r. Let d(h) = h**2 + 5*h - 7. Calculate d(y).
-7
Let b = 68 - 65. Let n(s) = -3*s - s**2 - 3 + 5 + 6*s - b. Calculate n(3).
-1
Let a(y) = -2*y**3 + 22*y**2 - 15*y - 5. Let k(f) = f**3 - 11*f**2 + 7*f + 2. Let l(r) = 4*a(r) + 7*k(r). Give l(10).
-16
Let s(j) = -j**3 + 5*j**2 - 2*j - 4. Let v = 67 + -54. Let z(g) = -2*g + 3. Let q be z(-3). Suppose v*k - 16*k = -q. Give s(k).
8
Let b(g) = 16*g + 9*g + 7 - 44*g + 6*g + 8*g - g**2. Calculate b(-6).
1
Let a(b) be the first derivative of -b**5/20 + b**4/24 - 10*b**3/3 + 9. Let u(n) be the third derivative of a(n). Calculate u(2).
-11
Suppose -2*g + 4 = 2*u, -2*u - g = -4*g + 6. Suppose -2*s - s + 3 = u. Let n(t) = -4*t. Determine n(s).
-4
Let i(w) = 11*w - 68. Suppose -29 = -t - 23. Let a be i(t). Let h(d) = d - 1. Let j(c) = 5*c + 2. Let o(p) = -h(p) - j(p). Determine o(a).
11
Let y(q) = -q + 15. 